= h - i. What are the prime factors of u?
2, 19
Let a(m) = 159*m - 1723. What are the prime factors of a(15)?
2, 331
Suppose -7*q = -3*q - 16. Let l be 5/(-10)*(q - 10). Suppose 9*o = l*o + 102. List the prime factors of o.
17
Let g = -86 + 99. Suppose -g*a = 517 - 15792. List the prime factors of a.
5, 47
Let c = 17348 + -6219. What are the prime factors of c?
31, 359
Suppose 2*f + 4*h = f + 1068, 1061 = f - 3*h. Let a = f + -634. What are the prime factors of a?
2, 5, 43
Let s(i) = i**3 - 6*i**2 + 41*i - 1. Let n = 557 - 546. What are the prime factors of s(n)?
5, 211
Let x be (-6 - -3)*2*(-12)/9. Suppose x*y - 2160 = 848. What are the prime factors of y?
2, 47
Suppose 0 = -3*o, 0*m - 4*m - 2*o = -6952. Let s = m - 822. List the prime factors of s.
2, 229
Suppose -3*l + 8*y = -879 - 8233, 2*l = 4*y + 6068. What are the prime factors of l?
2, 3, 7
Suppose 47 = 56*v - 121. List the prime factors of (-23 + (-10)/1)/((-1)/v).
3, 11
Let s(z) = 2 - 4*z**3 + 0*z**2 + z**2 + 3*z - 5*z**3. Suppose 2*w + h - 11 = 6*h, -3*h - 17 = 4*w. What are the prime factors of s(w)?
2, 3
Suppose -52*x + 58*x = 1428. Let a = x + 339. List the prime factors of a.
577
Let n(s) = 246*s - 30. Let y be n(5). Suppose -3532 = -3*i - 5*o, 4*o = -2*i + 3*i - y. What are the prime factors of i?
2, 37
Let f be (-6)/4*4/(-6)*12. Suppose -5*c + 7219 = 2*l, 0 = 11*c - f*c + 3*l + 1454. What are the prime factors of c?
5, 17
Suppose -4*f + 18374 = 3*p, 4*p - 6*p + f = -12275. List the prime factors of p.
2, 3067
Suppose b + 3*q - 19 = 0, 2*q = -3*b + 7*b - 6. Suppose -220 = b*d + 7*d. Let h(c) = -2*c**3 - 40*c**2 - 7*c - 7. List the prime factors of h(d).
7, 19
Let g(d) = 157*d**2 - 311*d + 2330. List the prime factors of g(8).
2, 5, 23, 43
Let m = 64768 + 5817. List the prime factors of m.
5, 19, 743
Let w = -27296 + 54690. What are the prime factors of w?
2, 13697
Suppose -44*c + 26592 = -13*c - 355514. List the prime factors of c.
2, 6163
Let t(l) = 9984*l + 7803. List the prime factors of t(4).
3, 15913
Suppose -154*b + 688*b = 9470490. What are the prime factors of b?
5, 3547
Suppose -21*o = 9*o. Suppose 0 = 4*l + 5*u - 121, o = -l - 2*u + 19 + 15. List the prime factors of l.
2, 3
Let h(g) = -28*g**3 - 6*g**2 - 55*g - 20. List the prime factors of h(-10).
2, 3, 5, 7, 19
Let p(q) = -q**2 - 18*q - 51. Let m be p(-4). List the prime factors of (-4)/8*(-209 + m).
2, 3, 17
Suppose -372*m + 13086656 - 3805256 = 0. List the prime factors of m.
2, 5, 499
Let d(a) = -11*a**2 + 1. Let r be d(1). Let k be (1*r/(-15))/((-2)/(-6)). Suppose 172 = k*u + 2*o, -4*u + 6*o + 384 = 2*o. What are the prime factors of u?
7, 13
Let w = 29899 + 31391. List the prime factors of w.
2, 3, 5, 227
Let o = 88648 + -53001. What are the prime factors of o?
43, 829
Let j(x) = x**3 + 3*x**2 + x. Let l be j(-2). Suppose 0 = -y - 6*a + 4*a + 256, 0 = -2*y - l*a + 518. What are the prime factors of y?
2, 131
What are the prime factors of 4 + (-12)/3 + (36876 - 21)?
3, 5, 7, 13
Let z = 2263 + -1029. Let q = -493 + z. What are the prime factors of q?
3, 13, 19
Let k(a) = -1048*a - 60. Let u(o) = -210*o - 12. Let z(d) = 2*k(d) - 11*u(d). List the prime factors of z(1).
2, 113
What are the prime factors of 0 - (20 + -26)/((-2)/(-1657))?
3, 1657
Let a(d) = -18*d**3 - 6*d**2 - 87*d - 8. List the prime factors of a(-9).
13411
Let n be (2/6)/(0 - (-2)/(-12)). Let s(r) = 94*r**2 - 4*r - 14. Let h be s(n). Suppose -6*y + h + 1394 = 0. List the prime factors of y.
2, 3, 7
Let b be (441 - (0 - -1)) + (-4)/4. Suppose -4*g + 3*z + b = 6*z, g - 86 = 4*z. Let t = g - 15. List the prime factors of t.
7, 13
Let c = 252787 + -170785. List the prime factors of c.
2, 3, 79, 173
Let j(c) = 9 - 5*c**2 + 3*c**3 - 5*c**2 + 271*c - 261*c + 4*c**2. What are the prime factors of j(5)?
2, 71
Suppose 0*y = -y + 3. Suppose 3*w - 2 - 1 = 0. What are the prime factors of (y/12 + (-271)/(-4))*w?
2, 17
Suppose 0 = -5*q + 3*h + 6630, -2386 = 4*q + 3*h - 7690. What are the prime factors of q?
2, 3, 13, 17
Suppose -4*w + 4*z = 560, -280 = 2*w - 2*z + 5*z. Let s = 132 - w. What are the prime factors of s?
2, 17
Let w be -1 + -2 - (-195)/(-5). Let z be (w/7)/(9/(-6)). Suppose -z*g = 2*p - 280, 3*g = 4*p + g - 530. List the prime factors of p.
2, 67
Let p = -4 - -10. Suppose 0 = -4*k - 2*t, -2*k = -7*t + 10*t. Suppose p*o - 113 - 277 = k. What are the prime factors of o?
5, 13
Let a(q) = -8*q**3 - 14*q**2 + 6*q - 45. What are the prime factors of a(-9)?
3, 7, 73
Let h be 6/(10/(8 + -3)). Suppose u - 96 = -4*w + 5*u, h*w - u = 64. Suppose 4*q = 2*f + 44, -4*f + w = -q + 2*q. What are the prime factors of q?
2, 3
Suppose 0 - 3 = m, 21 = -3*s + 3*m. Let t(y) = y + 3 + 2*y**2 + 11 - 7*y**2 - 28 + 6*y**2. List the prime factors of t(s).
2, 19
Suppose -187*k + 746748 = -169*k. What are the prime factors of k?
2, 20743
Suppose -4*x = -3*c - 109633, -19*c + 16*c = x - 27397. List the prime factors of x.
2, 71, 193
List the prime factors of (85704/(-15))/(7 + (-407)/55).
2, 3571
Let k be (120/(-105))/((-2)/7). What are the prime factors of (2 - 185)*(3 + k + -11)?
2, 3, 61
Let y(w) = w**2 + 46*w + 107. What are the prime factors of y(-49)?
2, 127
Let b = 66783 + -38486. List the prime factors of b.
28297
Let i(m) = -10*m**2 - 12*m - 5*m - 3 + 1 + 11*m**2. Let d be i(16). What are the prime factors of 63 + d/3 + 2?
59
Let f(q) = 51*q**3 - 12*q**2 - 6*q - 3. What are the prime factors of f(4)?
3, 5, 7, 29
Let q(c) = 2*c**2 - c + 3. Let a be q(2). Let n(z) = 21*z - 43. Let b be n(a). Let f = b - 36. What are the prime factors of f?
2, 5, 11
Suppose -4*y - 20 = -2*y. Let o(f) = -8*f - 4. Let c be o(y). Let g = 64 + c. What are the prime factors of g?
2, 5, 7
Let d = 41292 + -22683. List the prime factors of d.
3, 6203
Let z(p) = p**2 - 11*p + 33. Let y be z(6). What are the prime factors of y/3*(0 - -448)?
2, 7
Suppose -7*x + 2050 = 5592. Let n = -317 - x. List the prime factors of n.
3, 7
Let i(z) = -z**2 - 8*z - 5. Let h be i(-7). Let y be h/(6/(-9)) - -548. Suppose 145 = 5*k - y. What are the prime factors of k?
2, 3, 23
Suppose -77056 = -20*o + 18*o + 4*x, x + 192604 = 5*o. List the prime factors of o.
2, 3, 5, 107
Let l(z) = 64*z**3 + 6*z**2 + 11*z - 12. Let n be l(6). Suppose 10*c = 39*c - n. What are the prime factors of c?
2, 3
Let i = 30536 + -13896. What are the prime factors of i?
2, 5, 13
Let x(a) = 2*a**2 - 15*a + 20. Suppose -2*h = -48 + 22. What are the prime factors of x(h)?
163
Let k = 53547 + -24275. What are the prime factors of k?
2, 3659
Let d(x) = -x**3 - 5*x**2 + 9*x + 3. Let s = -79 - -73. Let q be d(s). List the prime factors of (-1750)/q + 3/9.
3, 13
Suppose 0 = 204*m + 796333 - 2389165. List the prime factors of m.
2, 61
Suppose -4*m + 0*m - 4*z - 32 = 0, -3*m = -4*z + 31. Let u be -1*(5 + m)*(-85)/(-2). Suppose -p + u = p. List the prime factors of p.
5, 17
Suppose -2*s = 2*l - 5094 - 2418, -15027 = -4*l - 3*s. List the prime factors of l.
3, 7, 179
Let l be 11/22*(9 - 1). Suppose 70*s - 73*s + 12 = 0. Suppose -2*j - 86 = -s*j - l*y, -5*j + 3*y = -163. List the prime factors of j.
5, 7
Let g be (4 + -1*88)*(-5)/(-3). Let n be g - 15 - 2*1. Let a = n - -282. List the prime factors of a.
5
Suppose -2*p - 32 = -2*a + 4*a, -5*a = 4*p + 64. What are the prime factors of ((-261)/(-4))/(12/p + 1)?
3, 29
Let b = -14843 - -31490. List the prime factors of b.
3, 31, 179
What are the prime factors of (3 - 593)*(-120)/((-30)/(-6))?
2, 3, 5, 59
Let x = 2748 + 4764. What are the prime factors of x?
2, 3, 313
Let o = 17034 + -4351. List the prime factors of o.
11, 1153
Let y = 19 + -21. Let t be (4 - y)*(-7)/(-21). Suppose -t*p = d + 8 - 97, -4*p + 182 = -2*d. List the prime factors of p.
3, 5
Let h = 10767 + 2654. What are the prime factors of h?
13421
Let c be (0 - 2/6)/(8/(-120)). Suppose c*n + 3365 = 5*l, -2*l - 3*n + 7*n + 1354 = 0. List the prime factors of l.
3, 223
Suppose 230*w - 222*w = 72. Suppose 5*r - w + 29 = 0, -2*o - 5*r + 660 = 0. List the prime factors of o.
2, 5, 17
Let a(y) = y**3 + 8*y**2 + 26*y - 16. Let j = 897 - 889. List the prime factors of a(j).
2, 19
Suppose -3*g = j - 4*j + 2514, 0 = -2*g - 8. List the prime factors of j - -3*-1*30/18.
829
Let g = 1949 + -1970. Let b = -8 - -2. What are the prime factors of (b/4)/(g/